{"id":316,"date":"2018-02-28T14:15:27","date_gmt":"2018-02-28T05:15:27","guid":{"rendered":"http:\/\/fiac2.isit.or.jp\/?page_id=316"},"modified":"2018-02-28T15:45:25","modified_gmt":"2018-02-28T06:45:25","slug":"%e5%85%a5%e4%bc%9a%e7%94%b3%e8%be%bc%e3%81%bf%ef%bc%88%e5%80%8b%e4%ba%ba%ef%bc%89","status":"publish","type":"page","link":"https:\/\/fiac2.isit.or.jp\/?page_id=316","title":{"rendered":"\u5165\u4f1a\u7533\u8fbc\u307f\uff08\u500b\u4eba\u7528\uff09"},"content":{"rendered":"<p style=\"text-align: center;\"><strong><span style=\"font-family: verdana, geneva, sans-serif; font-size: 24px;\">\u5165\u4f1a\u7533\u8fbc\u307f\uff08\u500b\u4eba\u7528\uff09<\/span><\/strong><\/p>\n<div role=\"form\" class=\"wpcf7\" id=\"wpcf7-f315-o1\" lang=\"ja\" dir=\"ltr\">\n<div class=\"screen-reader-response\"><p role=\"status\" aria-live=\"polite\" aria-atomic=\"true\"><\/p> <ul><\/ul><\/div>\n<form action=\"\/index.php?rest_route=%2Fwp%2Fv2%2Fpages%2F316#wpcf7-f315-o1\" method=\"post\" class=\"wpcf7-form init\" novalidate=\"novalidate\" data-status=\"init\">\n<div style=\"display: none;\">\n<input type=\"hidden\" name=\"_wpcf7\" value=\"315\" \/>\n<input type=\"hidden\" name=\"_wpcf7_version\" value=\"5.5.3\" \/>\n<input type=\"hidden\" name=\"_wpcf7_locale\" value=\"ja\" \/>\n<input type=\"hidden\" name=\"_wpcf7_unit_tag\" value=\"wpcf7-f315-o1\" \/>\n<input type=\"hidden\" name=\"_wpcf7_container_post\" value=\"0\" \/>\n<input type=\"hidden\" name=\"_wpcf7_posted_data_hash\" value=\"\" \/>\n<\/div>\n<div class=\"mail-parts\">\n     <label>E-mail\u30a2\u30c9\u30ec\u30b9\u306f\u30b3\u30f3\u30bd\u30fc\u30b7\u30a2\u30e0\u4e8b\u52d9\u5c40\u304b\u3089\u306e\u9023\u7d61\u7528ML\u306b\u8ffd\u52a0\u3055\u305b\u3066\u9802\u304d\u307e\u3059\uff09<\/label><br \/>\n <strong><span class=\"required-contactform7\"><span style=\"background-color: #ff0000; color: #ffffff;\"> \u5fc5\u9808 <\/span><\/span><span class=\"title-contactform7\">\u3000\u6c0f\u540d<\/span><\/strong><br \/>\n   <span class=\"wpcf7-form-control-wrap your-name\"><input type=\"text\" name=\"your-name\" value=\"\" size=\"40\" class=\"wpcf7-form-control wpcf7-text wpcf7-validates-as-required\" aria-required=\"true\" aria-invalid=\"false\" placeholder=\"\u4f8b\uff09\u5c71\u7530\u3000\u592a\u90ce\" \/><\/span>\n<\/div>\n<p><\/p>\n<hr \/>\n<div class=\"mail-parts\">\n <strong><span class=\"required-contactform7\"><span style=\"background-color: #ff0000; color: #ffffff;\"> \u5fc5\u9808 <\/span><\/span><span class=\"title-contactform7\">\u3000\u3075\u308a\u304c\u306a<\/span><\/strong><br \/>\n   <span class=\"wpcf7-form-control-wrap your-kana\"><input type=\"text\" name=\"your-kana\" value=\"\" size=\"40\" class=\"wpcf7-form-control wpcf7-text wpcf7-validates-as-required\" aria-required=\"true\" aria-invalid=\"false\" placeholder=\"\u4f8b\uff09\u3084\u307e\u3060\u3000\u305f\u308d\u3046\" \/><\/span>\n<\/div>\n<p><\/p>\n<hr \/>\n<div class=\"mail-parts\">\n <strong><span class=\"required-contactform7\"><span style=\"background-color: #ff0000; color: #ffffff;\"> \u5fc5\u9808 <\/span><\/span><span class=\"title-contactform7\">\u3000\u4f4f\u6240<\/span><\/strong><br \/>\n   <span class=\"wpcf7-form-control-wrap your-address\"><input type=\"text\" name=\"your-address\" value=\"\" size=\"40\" class=\"wpcf7-form-control wpcf7-text wpcf7-validates-as-required\" aria-required=\"true\" aria-invalid=\"false\" placeholder=\"\u4f8b\uff09\u3012814-0001 \u798f\u5ca1\u770c\u798f\u5ca1\u5e02\u65e9\u826f\u533a\u767e\u9053\u6d5c2-1-22-7F\" \/><\/span>\n<\/div>\n<p><\/p>\n<hr \/>\n<div class=\"mail-parts\">\n <strong><span class=\"required-contactform7\"><span style=\"background-color: #ff0000; color: #ffffff;\"> \u5fc5\u9808 <\/span><\/span><span class=\"title-contactform7\">\u3000\u30e1\u30fc\u30eb\u30a2\u30c9\u30ec\u30b9<\/span><\/strong><br \/>\n   <span class=\"wpcf7-form-control-wrap your-mail\"><input type=\"email\" name=\"your-mail\" value=\"\" size=\"40\" class=\"wpcf7-form-control wpcf7-text wpcf7-email wpcf7-validates-as-required wpcf7-validates-as-email\" aria-required=\"true\" aria-invalid=\"false\" placeholder=\"\u4f8b\uff09\u00d7\u00d7\u00d7@\u00d7\u00d7\u00d7\u00d7\u00d7.com\" \/><\/span>\n<\/div>\n<p><\/p>\n<hr \/>\n<div class=\"mail-parts\">\n <strong><span class=\"required-contactform7\"><span style=\"background-color: #ff0000; color: #ffffff;\"> \u5fc5\u9808 <\/span><\/span><span class=\"title-contactform7\">\u3000TEL<\/span><\/strong><br \/>\n   <span class=\"wpcf7-form-control-wrap your-tell\"><input type=\"tel\" name=\"your-tell\" value=\"\" size=\"40\" class=\"wpcf7-form-control wpcf7-text wpcf7-tel wpcf7-validates-as-required wpcf7-validates-as-tel\" aria-required=\"true\" aria-invalid=\"false\" placeholder=\"\u4f8b\uff09000-000-0000\" \/><\/span>\n<\/div>\n<p><\/p>\n<hr \/>\n<div class=\"mail-parts\">\n <strong>\n<p class=\"caption\"><span class=\"required-contactform7\"><span style=\"background-color: #ff0000; color: #ffffff;\"> \u5fc5\u9808 <\/span> <span class=\"title-contactform7\">\u3000\u5165\u4f1a\u306e\u76ee\u7684(\u8907\u6570\u9078\u629e\u53ef)<\/span><\/span><\/p>\n<p><\/strong><br \/>\n      <span class=\"wpcf7-form-control-wrap your-purpose\"><span class=\"wpcf7-form-control wpcf7-checkbox wpcf7-validates-as-required list-block\"><span class=\"wpcf7-list-item first\"><input type=\"checkbox\" name=\"your-purpose[]\" value=\"\u4f01\u696d\u3084\u5927\u5b66\u7b49\u3001\u4f1a\u54e1\u9593\u306e\u30cd\u30c3\u30c8\u30ef\u30fc\u30af\u3092\u69cb\u7bc9\u3057\u305f\u3044\" \/><span class=\"wpcf7-list-item-label\">\u4f01\u696d\u3084\u5927\u5b66\u7b49\u3001\u4f1a\u54e1\u9593\u306e\u30cd\u30c3\u30c8\u30ef\u30fc\u30af\u3092\u69cb\u7bc9\u3057\u305f\u3044<\/span><\/span><span class=\"wpcf7-list-item\"><input type=\"checkbox\" name=\"your-purpose[]\" value=\"\u60c5\u5831\u53ce\u96c6\u30fb\u60c5\u5831\u767a\u4fe1\" \/><span class=\"wpcf7-list-item-label\">\u60c5\u5831\u53ce\u96c6\u30fb\u60c5\u5831\u767a\u4fe1<\/span><\/span><span class=\"wpcf7-list-item\"><input type=\"checkbox\" name=\"your-purpose[]\" value=\"\u4fdd\u6709\u3057\u3066\u3044\u308b\u88fd\u54c1\u30fb\u6280\u8853\u3092\u66f4\u306b\u767a\u5c55\u3055\u305b\u305f\u3044\" \/><span class=\"wpcf7-list-item-label\">\u4fdd\u6709\u3057\u3066\u3044\u308b\u88fd\u54c1\u30fb\u6280\u8853\u3092\u66f4\u306b\u767a\u5c55\u3055\u305b\u305f\u3044<\/span><\/span><span class=\"wpcf7-list-item\"><input type=\"checkbox\" name=\"your-purpose[]\" value=\"\u5927\u5b66\u7b49\u7814\u7a76\u6a5f\u95a2\u306e\u7814\u7a76\u6210\u679c\uff08\u30b7\u30fc\u30ba\uff09\u3092\u6d3b\u7528\u3057\u305f\u3044\uff08\u5171\u540c\u7814\u7a76\u306a\u3069\uff09\" \/><span class=\"wpcf7-list-item-label\">\u5927\u5b66\u7b49\u7814\u7a76\u6a5f\u95a2\u306e\u7814\u7a76\u6210\u679c\uff08\u30b7\u30fc\u30ba\uff09\u3092\u6d3b\u7528\u3057\u305f\u3044\uff08\u5171\u540c\u7814\u7a76\u306a\u3069\uff09<\/span><\/span><span class=\"wpcf7-list-item last\"><input type=\"checkbox\" name=\"your-purpose[]\" value=\"\u305d\u306e\u4ed6\uff08\u305d\u306e\u4ed6\u3092\u9078\u629e\u3057\u305f\u5834\u5408\u306f\u6700\u5f8c\u306e\u30e1\u30c3\u30bb\u30fc\u30b8\u30d5\u30a3\u30fc\u30eb\u30c9\u306b\u8a18\u8f09\u304f\u3060\u3055\u3044\uff09\" \/><span class=\"wpcf7-list-item-label\">\u305d\u306e\u4ed6\uff08\u305d\u306e\u4ed6\u3092\u9078\u629e\u3057\u305f\u5834\u5408\u306f\u6700\u5f8c\u306e\u30e1\u30c3\u30bb\u30fc\u30b8\u30d5\u30a3\u30fc\u30eb\u30c9\u306b\u8a18\u8f09\u304f\u3060\u3055\u3044\uff09<\/span><\/span><\/span><\/span>\n<\/div>\n<p><\/p>\n<hr \/>\n<div class=\"mail-parts\">\n <strong>\n<p class=\"caption\"><span class=\"required-contactform7\"><span style=\"background-color: #ff0000; color: #ffffff;\"> \u5fc5\u9808 <\/span> <span class=\"title-contactform7\">\u3000\u30b3\u30f3\u30bd\u30fc\u30b7\u30a2\u30e0\u306b\u671f\u5f85\u3059\u308b\u652f\u63f4\u30fb\u53d6\u7d44(\u8907\u6570\u9078\u629e\u53ef)<\/span><\/span><\/p>\n<p><\/strong><br \/>\n     <span class=\"wpcf7-form-control-wrap your-help\"><span class=\"wpcf7-form-control wpcf7-checkbox wpcf7-validates-as-required list-block\"><span class=\"wpcf7-list-item first\"><input type=\"checkbox\" name=\"your-help[]\" value=\"\u4f1a\u54e1\u9593\u306e\u4ea4\u6d41\u4fc3\u9032\u30fb\u30de\u30c3\u30c1\u30f3\u30b0\" \/><span class=\"wpcf7-list-item-label\">\u4f1a\u54e1\u9593\u306e\u4ea4\u6d41\u4fc3\u9032\u30fb\u30de\u30c3\u30c1\u30f3\u30b0<\/span><\/span><span class=\"wpcf7-list-item\"><input type=\"checkbox\" name=\"your-help[]\" value=\"\u5148\u9032\u7684\u306a\u7814\u7a76\u30fb\u6280\u8853\u7b49\u306e\u30bb\u30df\u30ca\u30fc\u30fb\u52c9\u5f37\u4f1a\" \/><span class=\"wpcf7-list-item-label\">\u5148\u9032\u7684\u306a\u7814\u7a76\u30fb\u6280\u8853\u7b49\u306e\u30bb\u30df\u30ca\u30fc\u30fb\u52c9\u5f37\u4f1a<\/span><\/span><span class=\"wpcf7-list-item\"><input type=\"checkbox\" name=\"your-help[]\" value=\"\u91d1\u878d\u6a5f\u95a2\u30fb\uff36\uff23\u3068\u306e\u30de\u30c3\u30c1\u30f3\u30b0\" \/><span class=\"wpcf7-list-item-label\">\u91d1\u878d\u6a5f\u95a2\u30fb\uff36\uff23\u3068\u306e\u30de\u30c3\u30c1\u30f3\u30b0<\/span><\/span><span class=\"wpcf7-list-item\"><input type=\"checkbox\" name=\"your-help[]\" value=\"\u7814\u7a76\u30fb\u958b\u767a\u652f\u63f4\uff08\u6280\u8853\u76f8\u8ac7\u7b49\uff09\" \/><span class=\"wpcf7-list-item-label\">\u7814\u7a76\u30fb\u958b\u767a\u652f\u63f4\uff08\u6280\u8853\u76f8\u8ac7\u7b49\uff09<\/span><\/span><span class=\"wpcf7-list-item\"><input type=\"checkbox\" name=\"your-help[]\" value=\"\u7814\u7a76\u30fb\u958b\u767a\u652f\u63f4\uff08\u52a9\u6210\u91d1\u7b49\u306e\u7372\u5f97\u652f\u63f4\uff09\" \/><span class=\"wpcf7-list-item-label\">\u7814\u7a76\u30fb\u958b\u767a\u652f\u63f4\uff08\u52a9\u6210\u91d1\u7b49\u306e\u7372\u5f97\u652f\u63f4\uff09<\/span><\/span><span class=\"wpcf7-list-item\"><input type=\"checkbox\" name=\"your-help[]\" value=\"\u5c55\u793a\u4f1a\u3078\u306e\u5171\u540c\u51fa\u5c55\" \/><span class=\"wpcf7-list-item-label\">\u5c55\u793a\u4f1a\u3078\u306e\u5171\u540c\u51fa\u5c55<\/span><\/span><span class=\"wpcf7-list-item last\"><input type=\"checkbox\" name=\"your-help[]\" value=\"\u305d\u306e\u4ed6\uff08\u305d\u306e\u4ed6\u3092\u9078\u629e\u3057\u305f\u5834\u5408\u306f\u6700\u5f8c\u306e\u30e1\u30c3\u30bb\u30fc\u30b8\u30d5\u30a3\u30fc\u30eb\u30c9\u306b\u8a18\u8f09\u304f\u3060\u3055\u3044\uff09\" \/><span class=\"wpcf7-list-item-label\">\u305d\u306e\u4ed6\uff08\u305d\u306e\u4ed6\u3092\u9078\u629e\u3057\u305f\u5834\u5408\u306f\u6700\u5f8c\u306e\u30e1\u30c3\u30bb\u30fc\u30b8\u30d5\u30a3\u30fc\u30eb\u30c9\u306b\u8a18\u8f09\u304f\u3060\u3055\u3044\uff09<\/span><\/span><\/span><\/span>\n<\/div>\n<p><\/p>\n<hr \/>\n<div class=\"mail-parts\">\n <strong>\n<p class=\"caption\"><span class=\"required-contactform7\"><span style=\"background-color: #0000ff; color: #ffffff;\"> \u4efb\u610f <\/span> <span class=\"title-contactform7\">\u3000\u30e1\u30c3\u30bb\u30fc\u30b8<\/span><\/span><\/p>\n<p><\/strong><br \/>\n      <span class=\"wpcf7-form-control-wrap your-message\"><textarea name=\"your-message\" cols=\"40\" rows=\"10\" class=\"wpcf7-form-control wpcf7-textarea\" aria-invalid=\"false\" placeholder=\"\u8ffd\u52a0\u306e\u62c5\u5f53\u8005\u304c\u3044\u308b\u5834\u5408\u3084\u3001\u4e0a\u8a18\u30a2\u30f3\u30b1\u30fc\u30c8\u3067\u305d\u306e\u4ed6\u3092\u9078\u629e\u3057\u305f\u5834\u5408\u306f\u3053\u3061\u3089\u306b\u3054\u8a18\u5165\u304f\u3060\u3055\u3044\"><\/textarea><\/span>\n<\/div>\n<p><\/p>\n<hr \/>\n<div class=\"mail-parts\">\n    <strong>\n<p class=\"caption\"><span class=\"required-contactform7\"><span style=\"background-color: #ff0000; color: #ffffff;\"> \u5fc5\u9808 <\/span><\/span><span class=\"title-contactform7\"> \u5185\u5bb9\u306e\u3054\u78ba\u8a8d<\/span><\/p>\n<p><\/strong><\/p>\n<p class=\"align_C\"><span class=\"wpcf7-form-control-wrap acceptance-169\"><span class=\"wpcf7-form-control wpcf7-acceptance\"><span class=\"wpcf7-list-item\"><input type=\"checkbox\" name=\"acceptance-169\" value=\"1\" aria-invalid=\"false\" \/><\/span><\/span><\/span>\u78ba\u8a8d\u753b\u9762\u306f\u8868\u793a\u3055\u308c\u307e\u305b\u3093\u3002\u4e0a\u8a18\u5185\u5bb9\u306b\u3066\u9001\u4fe1\u3057\u307e\u3059\u306e\u3067\u3001\u3088\u308d\u3057\u3051\u308c\u3070\u30c1\u30a7\u30c3\u30af\u3092\u5165\u308c\u3066\u304f\u3060\u3055\u3044\u3002<\/p>\n<p class=\"align_C\"><span class=\"wpcf7-form-control-wrap acceptance-169\"><span class=\"wpcf7-form-control wpcf7-acceptance\"><span class=\"wpcf7-list-item\"><input type=\"checkbox\" name=\"acceptance-169\" value=\"1\" aria-invalid=\"false\" \/><\/span><\/span><\/span>\u3053\u306e\u30b5\u30a4\u30c8\u306e<a href=\"http:\/\/www.isit.or.jp\/contact\/privacy\/\">\u30d7\u30e9\u30a4\u30d0\u30b7\u30fc\u30dd\u30ea\u30b7\u30fc<\/a>\u306b\u540c\u610f\u3059\u308b\u3002<\/p>\n<p class=\"text-xs-center\"><input type=\"submit\" value=\"\u9001\u4fe1\u3059\u308b\" class=\"wpcf7-form-control has-spinner wpcf7-submit btn btn-success btn-submit\" \/><\/p>\n<\/div>\n<p style=\"display: none !important;\"><label>&#916;<textarea name=\"_wpcf7_ak_hp_textarea\" cols=\"45\" rows=\"8\" maxlength=\"100\"><\/textarea><\/label><input type=\"hidden\" id=\"ak_js\" name=\"_wpcf7_ak_js\" value=\"178\"\/><script>document.getElementById( \"ak_js\" ).setAttribute( \"value\", ( new Date() ).getTime() );<\/script><\/p><div class=\"wpcf7-response-output\" aria-hidden=\"true\"><\/div><\/form><\/div>\n","protected":false},"excerpt":{"rendered":"<p>\u5165\u4f1a\u7533\u8fbc\u307f\uff08\u500b\u4eba\u7528\uff09<\/p>\n","protected":false},"author":2,"featured_media":0,"parent":0,"menu_order":0,"comment_status":"closed","ping_status":"closed","template":"","meta":[],"_links":{"self":[{"href":"https:\/\/fiac2.isit.or.jp\/index.php?rest_route=\/wp\/v2\/pages\/316"}],"collection":[{"href":"https:\/\/fiac2.isit.or.jp\/index.php?rest_route=\/wp\/v2\/pages"}],"about":[{"href":"https:\/\/fiac2.isit.or.jp\/index.php?rest_route=\/wp\/v2\/types\/page"}],"author":[{"embeddable":true,"href":"https:\/\/fiac2.isit.or.jp\/index.php?rest_route=\/wp\/v2\/users\/2"}],"replies":[{"embeddable":true,"href":"https:\/\/fiac2.isit.or.jp\/index.php?rest_route=%2Fwp%2Fv2%2Fcomments&post=316"}],"version-history":[{"count":3,"href":"https:\/\/fiac2.isit.or.jp\/index.php?rest_route=\/wp\/v2\/pages\/316\/revisions"}],"predecessor-version":[{"id":319,"href":"https:\/\/fiac2.isit.or.jp\/index.php?rest_route=\/wp\/v2\/pages\/316\/revisions\/319"}],"wp:attachment":[{"href":"https:\/\/fiac2.isit.or.jp\/index.php?rest_route=%2Fwp%2Fv2%2Fmedia&parent=316"}],"curies":[{"name":"wp","href":"https:\/\/api.w.org\/{rel}","templated":true}]}}